{"id":3677,"date":"2022-06-26T09:30:28","date_gmt":"2022-06-26T09:30:28","guid":{"rendered":"https:\/\/sare.eus\/ekimena\/bizikleta-itzulia-2022-uztailaren-22tik-24ra\/"},"modified":"2022-06-26T09:34:50","modified_gmt":"2022-06-26T09:34:50","slug":"bizikleta-itzulia-2022-uztailaren-22tik-24ra","status":"publish","type":"tribe_events","link":"https:\/\/sare.eus\/es\/ekimena\/bizikleta-itzulia-2022-uztailaren-22tik-24ra\/","title":{"rendered":"Bizikleta Itzulia 2022 | Del 22 de julio al 24 de julio"},"content":{"rendered":"<p>KAIXO!<\/p>\n<p>Con el lema \u201cEtxera bidea gertu!\u201d, \u00a0os anunciamos que estamos preparando ya, la quinta marcha ciclista de Sare, que este a\u00f1o, volver\u00e1 a ser de tres d\u00edas consecutivos. Algo que en los dos \u00faltimos a\u00f1os no nos lo ha permitido la situaci\u00f3n de pandemia. Este a\u00f1o, s\u00ed, comenzando el 22 de julio en Etxarri (Nafarroa) hasta Durango (Bizkaia) pasando por Araba, el 23 de julio desde Durango hasta Azpeitia (Gipuzkoa) y el 24 de julio, con un recorrido m\u00e1s breve, desde Azpeitia hasta Donostia, finalizando con un peque\u00f1o acto y un lunch para todos los que se acerquen a la capital.<\/p>\n<p>Pedalada a pedalada tres d\u00edas, llevando la reivindicacion pueblo a pueblo y con muy buen ambiente. \u00a1Este a\u00f1o tambi\u00e9n seguimos haciendo el camino! \u00a1Ven con nosotros! Abierto el plazo de inscripci\u00f3n.<\/p>\n<p>&#x1f4dd;\u00a0<strong>INSCRIPCI\u00d3N:<\/strong>\u00a0<a href=\"https:\/\/sare.eus\/bizikleta-itzulia\" target=\"_blank\" rel=\"noopener noreferrer\">https:\/\/sare.eus\/bizikleta-itzulia<\/a><\/p>\n","protected":false},"excerpt":{"rendered":"<p>KAIXO! Con el lema \u201cEtxera bidea gertu!\u201d, \u00a0os anunciamos que estamos preparando ya, la quinta marcha ciclista de Sare, que este a\u00f1o, volver\u00e1 a ser de tres d\u00edas consecutivos. Algo [&hellip;]<\/p>\n","protected":false},"author":2,"featured_media":3613,"template":"","meta":{"_acf_changed":false,"_et_pb_use_builder":"","_et_pb_old_content":"","_et_gb_content_width":"","_tribe_events_status":"","_tribe_events_status_reason":"","footnotes":""},"tags":[],"tribe_events_cat":[],"class_list":["post-3677","tribe_events","type-tribe_events","status-publish","has-post-thumbnail","hentry"],"acf":[],"yoast_head":"<!-- This site is optimized with the Yoast SEO plugin v26.4 - https:\/\/yoast.com\/wordpress\/plugins\/seo\/ -->\n<title>Bizikleta Itzulia 2022 | Del 22 de julio al 24 de julio - Sare Herritarra<\/title>\n<meta name=\"robots\" content=\"index, follow, max-snippet:-1, max-image-preview:large, max-video-preview:-1\" \/>\n<link rel=\"canonical\" href=\"https:\/\/sare.eus\/es\/ekimena\/bizikleta-itzulia-2022-uztailaren-22tik-24ra\/\" \/>\n<meta property=\"og:locale\" content=\"es_ES\" \/>\n<meta property=\"og:type\" content=\"article\" \/>\n<meta property=\"og:title\" content=\"Bizikleta Itzulia 2022 | Del 22 de julio al 24 de julio - Sare Herritarra\" \/>\n<meta property=\"og:description\" content=\"KAIXO! Con el lema \u201cEtxera bidea gertu!\u201d, \u00a0os anunciamos que estamos preparando ya, la quinta marcha ciclista de Sare, que este a\u00f1o, volver\u00e1 a ser de tres d\u00edas consecutivos. Algo [&hellip;]\" \/>\n<meta property=\"og:url\" content=\"https:\/\/sare.eus\/es\/ekimena\/bizikleta-itzulia-2022-uztailaren-22tik-24ra\/\" \/>\n<meta property=\"og:site_name\" content=\"Sare Herritarra\" \/>\n<meta property=\"article:modified_time\" content=\"2022-06-26T09:34:50+00:00\" \/>\n<meta property=\"og:image\" content=\"https:\/\/sare.eus\/wp-content\/uploads\/2022\/06\/bizikleta_martxa_2022-web-01-scaled.jpg\" \/>\n\t<meta property=\"og:image:width\" content=\"1807\" \/>\n\t<meta property=\"og:image:height\" content=\"2560\" \/>\n\t<meta property=\"og:image:type\" content=\"image\/jpeg\" \/>\n<meta name=\"twitter:card\" content=\"summary_large_image\" \/>\n<meta name=\"twitter:label1\" content=\"Tiempo de lectura\" \/>\n\t<meta name=\"twitter:data1\" content=\"1 minuto\" \/>\n<script type=\"application\/ld+json\" class=\"yoast-schema-graph\">{\"@context\":\"https:\/\/schema.org\",\"@graph\":[{\"@type\":\"WebPage\",\"@id\":\"https:\/\/sare.eus\/es\/ekimena\/bizikleta-itzulia-2022-uztailaren-22tik-24ra\/\",\"url\":\"https:\/\/sare.eus\/es\/ekimena\/bizikleta-itzulia-2022-uztailaren-22tik-24ra\/\",\"name\":\"Bizikleta Itzulia 2022 | Del 22 de julio al 24 de julio - Sare Herritarra\",\"isPartOf\":{\"@id\":\"https:\/\/sare.eus\/#website\"},\"primaryImageOfPage\":{\"@id\":\"https:\/\/sare.eus\/es\/ekimena\/bizikleta-itzulia-2022-uztailaren-22tik-24ra\/#primaryimage\"},\"image\":{\"@id\":\"https:\/\/sare.eus\/es\/ekimena\/bizikleta-itzulia-2022-uztailaren-22tik-24ra\/#primaryimage\"},\"thumbnailUrl\":\"https:\/\/sare.eus\/wp-content\/uploads\/2022\/06\/bizikleta_martxa_2022-web-01-scaled.jpg\",\"datePublished\":\"2022-06-26T09:30:28+00:00\",\"dateModified\":\"2022-06-26T09:34:50+00:00\",\"breadcrumb\":{\"@id\":\"https:\/\/sare.eus\/es\/ekimena\/bizikleta-itzulia-2022-uztailaren-22tik-24ra\/#breadcrumb\"},\"inLanguage\":\"es\",\"potentialAction\":[{\"@type\":\"ReadAction\",\"target\":[\"https:\/\/sare.eus\/es\/ekimena\/bizikleta-itzulia-2022-uztailaren-22tik-24ra\/\"]}]},{\"@type\":\"ImageObject\",\"inLanguage\":\"es\",\"@id\":\"https:\/\/sare.eus\/es\/ekimena\/bizikleta-itzulia-2022-uztailaren-22tik-24ra\/#primaryimage\",\"url\":\"https:\/\/sare.eus\/wp-content\/uploads\/2022\/06\/bizikleta_martxa_2022-web-01-scaled.jpg\",\"contentUrl\":\"https:\/\/sare.eus\/wp-content\/uploads\/2022\/06\/bizikleta_martxa_2022-web-01-scaled.jpg\",\"width\":1807,\"height\":2560},{\"@type\":\"BreadcrumbList\",\"@id\":\"https:\/\/sare.eus\/es\/ekimena\/bizikleta-itzulia-2022-uztailaren-22tik-24ra\/#breadcrumb\",\"itemListElement\":[{\"@type\":\"ListItem\",\"position\":1,\"name\":\"Home\",\"item\":\"https:\/\/sare.eus\/\"},{\"@type\":\"ListItem\",\"position\":2,\"name\":\"Ekitaldiak\",\"item\":\"https:\/\/sare.eus\/agenda\/\"},{\"@type\":\"ListItem\",\"position\":3,\"name\":\"Bizikleta Itzulia 2022 | Del 22 de julio al 24 de julio\"}]},{\"@type\":\"WebSite\",\"@id\":\"https:\/\/sare.eus\/#website\",\"url\":\"https:\/\/sare.eus\/\",\"name\":\"Sare Herritarra\",\"description\":\"KONPONBIDEAREN ETA GIZA ESKUBIDEEN ALDEKO SARE HERRITARRA\",\"publisher\":{\"@id\":\"https:\/\/sare.eus\/#organization\"},\"potentialAction\":[{\"@type\":\"SearchAction\",\"target\":{\"@type\":\"EntryPoint\",\"urlTemplate\":\"https:\/\/sare.eus\/?s={search_term_string}\"},\"query-input\":{\"@type\":\"PropertyValueSpecification\",\"valueRequired\":true,\"valueName\":\"search_term_string\"}}],\"inLanguage\":\"es\"},{\"@type\":\"Organization\",\"@id\":\"https:\/\/sare.eus\/#organization\",\"name\":\"Sare Herritarra\",\"url\":\"https:\/\/sare.eus\/\",\"logo\":{\"@type\":\"ImageObject\",\"inLanguage\":\"es\",\"@id\":\"https:\/\/sare.eus\/#\/schema\/logo\/image\/\",\"url\":\"https:\/\/sare.eus\/wp-content\/uploads\/2021\/08\/sare.png\",\"contentUrl\":\"https:\/\/sare.eus\/wp-content\/uploads\/2021\/08\/sare.png\",\"width\":120,\"height\":142,\"caption\":\"Sare Herritarra\"},\"image\":{\"@id\":\"https:\/\/sare.eus\/#\/schema\/logo\/image\/\"}}]}<\/script>\n<!-- \/ Yoast SEO plugin. -->","yoast_head_json":{"title":"Bizikleta Itzulia 2022 | Del 22 de julio al 24 de julio - Sare Herritarra","robots":{"index":"index","follow":"follow","max-snippet":"max-snippet:-1","max-image-preview":"max-image-preview:large","max-video-preview":"max-video-preview:-1"},"canonical":"https:\/\/sare.eus\/es\/ekimena\/bizikleta-itzulia-2022-uztailaren-22tik-24ra\/","og_locale":"es_ES","og_type":"article","og_title":"Bizikleta Itzulia 2022 | Del 22 de julio al 24 de julio - Sare Herritarra","og_description":"KAIXO! Con el lema \u201cEtxera bidea gertu!\u201d, \u00a0os anunciamos que estamos preparando ya, la quinta marcha ciclista de Sare, que este a\u00f1o, volver\u00e1 a ser de tres d\u00edas consecutivos. Algo [&hellip;]","og_url":"https:\/\/sare.eus\/es\/ekimena\/bizikleta-itzulia-2022-uztailaren-22tik-24ra\/","og_site_name":"Sare Herritarra","article_modified_time":"2022-06-26T09:34:50+00:00","og_image":[{"width":1807,"height":2560,"url":"https:\/\/sare.eus\/wp-content\/uploads\/2022\/06\/bizikleta_martxa_2022-web-01-scaled.jpg","type":"image\/jpeg"}],"twitter_card":"summary_large_image","twitter_misc":{"Tiempo de lectura":"1 minuto"},"schema":{"@context":"https:\/\/schema.org","@graph":[{"@type":"WebPage","@id":"https:\/\/sare.eus\/es\/ekimena\/bizikleta-itzulia-2022-uztailaren-22tik-24ra\/","url":"https:\/\/sare.eus\/es\/ekimena\/bizikleta-itzulia-2022-uztailaren-22tik-24ra\/","name":"Bizikleta Itzulia 2022 | Del 22 de julio al 24 de julio - Sare Herritarra","isPartOf":{"@id":"https:\/\/sare.eus\/#website"},"primaryImageOfPage":{"@id":"https:\/\/sare.eus\/es\/ekimena\/bizikleta-itzulia-2022-uztailaren-22tik-24ra\/#primaryimage"},"image":{"@id":"https:\/\/sare.eus\/es\/ekimena\/bizikleta-itzulia-2022-uztailaren-22tik-24ra\/#primaryimage"},"thumbnailUrl":"https:\/\/sare.eus\/wp-content\/uploads\/2022\/06\/bizikleta_martxa_2022-web-01-scaled.jpg","datePublished":"2022-06-26T09:30:28+00:00","dateModified":"2022-06-26T09:34:50+00:00","breadcrumb":{"@id":"https:\/\/sare.eus\/es\/ekimena\/bizikleta-itzulia-2022-uztailaren-22tik-24ra\/#breadcrumb"},"inLanguage":"es","potentialAction":[{"@type":"ReadAction","target":["https:\/\/sare.eus\/es\/ekimena\/bizikleta-itzulia-2022-uztailaren-22tik-24ra\/"]}]},{"@type":"ImageObject","inLanguage":"es","@id":"https:\/\/sare.eus\/es\/ekimena\/bizikleta-itzulia-2022-uztailaren-22tik-24ra\/#primaryimage","url":"https:\/\/sare.eus\/wp-content\/uploads\/2022\/06\/bizikleta_martxa_2022-web-01-scaled.jpg","contentUrl":"https:\/\/sare.eus\/wp-content\/uploads\/2022\/06\/bizikleta_martxa_2022-web-01-scaled.jpg","width":1807,"height":2560},{"@type":"BreadcrumbList","@id":"https:\/\/sare.eus\/es\/ekimena\/bizikleta-itzulia-2022-uztailaren-22tik-24ra\/#breadcrumb","itemListElement":[{"@type":"ListItem","position":1,"name":"Home","item":"https:\/\/sare.eus\/"},{"@type":"ListItem","position":2,"name":"Ekitaldiak","item":"https:\/\/sare.eus\/agenda\/"},{"@type":"ListItem","position":3,"name":"Bizikleta Itzulia 2022 | Del 22 de julio al 24 de julio"}]},{"@type":"WebSite","@id":"https:\/\/sare.eus\/#website","url":"https:\/\/sare.eus\/","name":"Sare Herritarra","description":"KONPONBIDEAREN ETA GIZA ESKUBIDEEN ALDEKO SARE HERRITARRA","publisher":{"@id":"https:\/\/sare.eus\/#organization"},"potentialAction":[{"@type":"SearchAction","target":{"@type":"EntryPoint","urlTemplate":"https:\/\/sare.eus\/?s={search_term_string}"},"query-input":{"@type":"PropertyValueSpecification","valueRequired":true,"valueName":"search_term_string"}}],"inLanguage":"es"},{"@type":"Organization","@id":"https:\/\/sare.eus\/#organization","name":"Sare Herritarra","url":"https:\/\/sare.eus\/","logo":{"@type":"ImageObject","inLanguage":"es","@id":"https:\/\/sare.eus\/#\/schema\/logo\/image\/","url":"https:\/\/sare.eus\/wp-content\/uploads\/2021\/08\/sare.png","contentUrl":"https:\/\/sare.eus\/wp-content\/uploads\/2021\/08\/sare.png","width":120,"height":142,"caption":"Sare Herritarra"},"image":{"@id":"https:\/\/sare.eus\/#\/schema\/logo\/image\/"}}]}},"_links":{"self":[{"href":"https:\/\/sare.eus\/es\/wp-json\/wp\/v2\/tribe_events\/3677","targetHints":{"allow":["GET"]}}],"collection":[{"href":"https:\/\/sare.eus\/es\/wp-json\/wp\/v2\/tribe_events"}],"about":[{"href":"https:\/\/sare.eus\/es\/wp-json\/wp\/v2\/types\/tribe_events"}],"author":[{"embeddable":true,"href":"https:\/\/sare.eus\/es\/wp-json\/wp\/v2\/users\/2"}],"version-history":[{"count":1,"href":"https:\/\/sare.eus\/es\/wp-json\/wp\/v2\/tribe_events\/3677\/revisions"}],"predecessor-version":[{"id":3678,"href":"https:\/\/sare.eus\/es\/wp-json\/wp\/v2\/tribe_events\/3677\/revisions\/3678"}],"wp:featuredmedia":[{"embeddable":true,"href":"https:\/\/sare.eus\/es\/wp-json\/wp\/v2\/media\/3613"}],"wp:attachment":[{"href":"https:\/\/sare.eus\/es\/wp-json\/wp\/v2\/media?parent=3677"}],"wp:term":[{"taxonomy":"post_tag","embeddable":true,"href":"https:\/\/sare.eus\/es\/wp-json\/wp\/v2\/tags?post=3677"},{"taxonomy":"tribe_events_cat","embeddable":true,"href":"https:\/\/sare.eus\/es\/wp-json\/wp\/v2\/tribe_events_cat?post=3677"}],"curies":[{"name":"wp","href":"https:\/\/api.w.org\/{rel}","templated":true}]}}

<p>KAIXO!</p>
<p>Con el lema “Etxera bidea gertu!”,  os anunciamos que estamos preparando ya, la quinta marcha ciclista de Sare, que este año, volverá a ser de tres días consecutivos. Algo que en los dos últimos años no nos lo ha permitido la situación de pandemia. Este año, sí, comenzando el 22 de julio en Etxarri (Nafarroa) hasta Durango (Bizkaia) pasando por Araba, el 23 de julio desde Durango hasta Azpeitia (Gipuzkoa) y el 24 de julio, con un recorrido más breve, desde Azpeitia hasta Donostia, finalizando con un pequeño acto y un lunch para todos los que se acerquen a la capital.</p>
<p>Pedalada a pedalada tres días, llevando la reivindicacion pueblo a pueblo y con muy buen ambiente. ¡Este año también seguimos haciendo el camino! ¡Ven con nosotros! Abierto el plazo de inscripción.</p>
<p>&#x1f4dd; <strong>INSCRIPCIÓN:</strong> <a href="https://sare.eus/bizikleta-itzulia" target="_blank" rel="noopener noreferrer">https://sare.eus/bizikleta-itzulia</a></p>

<p>KAIXO! Con el lema “Etxera bidea gertu!”,  os anunciamos que estamos preparando ya, la quinta marcha ciclista de Sare, que este año, volverá a ser de tres días consecutivos. Algo [&hellip;]</p>

<!-- This site is optimized with the Yoast SEO plugin v26.4 - https://yoast.com/wordpress/plugins/seo/ -->
<title>Bizikleta Itzulia 2022 | Del 22 de julio al 24 de julio - Sare Herritarra</title>
<meta name="robots" content="index, follow, max-snippet:-1, max-image-preview:large, max-video-preview:-1" />
<link rel="canonical" href="https://sare.eus/es/ekimena/bizikleta-itzulia-2022-uztailaren-22tik-24ra/" />
<meta property="og:locale" content="es_ES" />
<meta property="og:type" content="article" />
<meta property="og:title" content="Bizikleta Itzulia 2022 | Del 22 de julio al 24 de julio - Sare Herritarra" />
<meta property="og:description" content="KAIXO! Con el lema “Etxera bidea gertu!”,  os anunciamos que estamos preparando ya, la quinta marcha ciclista de Sare, que este año, volverá a ser de tres días consecutivos. Algo [&hellip;]" />
<meta property="og:url" content="https://sare.eus/es/ekimena/bizikleta-itzulia-2022-uztailaren-22tik-24ra/" />
<meta property="og:site_name" content="Sare Herritarra" />
<meta property="article:modified_time" content="2022-06-26T09:34:50+00:00" />
<meta property="og:image" content="https://sare.eus/wp-content/uploads/2022/06/bizikleta_martxa_2022-web-01-scaled.jpg" />
	<meta property="og:image:width" content="1807" />
	<meta property="og:image:height" content="2560" />
	<meta property="og:image:type" content="image/jpeg" />
<meta name="twitter:card" content="summary_large_image" />
<meta name="twitter:label1" content="Tiempo de lectura" />
	<meta name="twitter:data1" content="1 minuto" />
<script type="application/ld+json" class="yoast-schema-graph">{"@context":"https://schema.org","@graph":[{"@type":"WebPage","@id":"https://sare.eus/es/ekimena/bizikleta-itzulia-2022-uztailaren-22tik-24ra/","url":"https://sare.eus/es/ekimena/bizikleta-itzulia-2022-uztailaren-22tik-24ra/","name":"Bizikleta Itzulia 2022 | Del 22 de julio al 24 de julio - Sare Herritarra","isPartOf":{"@id":"https://sare.eus/#website"},"primaryImageOfPage":{"@id":"https://sare.eus/es/ekimena/bizikleta-itzulia-2022-uztailaren-22tik-24ra/#primaryimage"},"image":{"@id":"https://sare.eus/es/ekimena/bizikleta-itzulia-2022-uztailaren-22tik-24ra/#primaryimage"},"thumbnailUrl":"https://sare.eus/wp-content/uploads/2022/06/bizikleta_martxa_2022-web-01-scaled.jpg","datePublished":"2022-06-26T09:30:28+00:00","dateModified":"2022-06-26T09:34:50+00:00","breadcrumb":{"@id":"https://sare.eus/es/ekimena/bizikleta-itzulia-2022-uztailaren-22tik-24ra/#breadcrumb"},"inLanguage":"es","potentialAction":[{"@type":"ReadAction","target":["https://sare.eus/es/ekimena/bizikleta-itzulia-2022-uztailaren-22tik-24ra/"]}]},{"@type":"ImageObject","inLanguage":"es","@id":"https://sare.eus/es/ekimena/bizikleta-itzulia-2022-uztailaren-22tik-24ra/#primaryimage","url":"https://sare.eus/wp-content/uploads/2022/06/bizikleta_martxa_2022-web-01-scaled.jpg","contentUrl":"https://sare.eus/wp-content/uploads/2022/06/bizikleta_martxa_2022-web-01-scaled.jpg","width":1807,"height":2560},{"@type":"BreadcrumbList","@id":"https://sare.eus/es/ekimena/bizikleta-itzulia-2022-uztailaren-22tik-24ra/#breadcrumb","itemListElement":[{"@type":"ListItem","position":1,"name":"Home","item":"https://sare.eus/"},{"@type":"ListItem","position":2,"name":"Ekitaldiak","item":"https://sare.eus/agenda/"},{"@type":"ListItem","position":3,"name":"Bizikleta Itzulia 2022 | Del 22 de julio al 24 de julio"}]},{"@type":"WebSite","@id":"https://sare.eus/#website","url":"https://sare.eus/","name":"Sare Herritarra","description":"KONPONBIDEAREN ETA GIZA ESKUBIDEEN ALDEKO SARE HERRITARRA","publisher":{"@id":"https://sare.eus/#organization"},"potentialAction":[{"@type":"SearchAction","target":{"@type":"EntryPoint","urlTemplate":"https://sare.eus/?s={search_term_string}"},"query-input":{"@type":"PropertyValueSpecification","valueRequired":true,"valueName":"search_term_string"}}],"inLanguage":"es"},{"@type":"Organization","@id":"https://sare.eus/#organization","name":"Sare Herritarra","url":"https://sare.eus/","logo":{"@type":"ImageObject","inLanguage":"es","@id":"https://sare.eus/#/schema/logo/image/","url":"https://sare.eus/wp-content/uploads/2021/08/sare.png","contentUrl":"https://sare.eus/wp-content/uploads/2021/08/sare.png","width":120,"height":142,"caption":"Sare Herritarra"},"image":{"@id":"https://sare.eus/#/schema/logo/image/"}}]}</script>
<!-- / Yoast SEO plugin. -->

KAIXO! Con el lema “Etxera bidea gertu!”,  os anunciamos que estamos preparando ya, la quinta marcha ciclista de Sare, que este año, volverá a ser de tres días consecutivos. Algo [&hellip;]
