{"id":1464,"date":"2021-11-09T17:27:07","date_gmt":"2021-11-09T17:27:07","guid":{"rendered":"https:\/\/sare.eus\/politica-de-privacidad\/"},"modified":"2021-11-09T17:27:08","modified_gmt":"2021-11-09T17:27:08","slug":"politica-de-privacidad","status":"publish","type":"page","link":"https:\/\/sare.eus\/es\/politica-de-privacidad\/","title":{"rendered":"Pol\u00edtica de privacidad"},"content":{"rendered":"<p>[et_pb_section fb_built=\u00bb1&#8243; _builder_version=\u00bb4.11.2&#8243; _module_preset=\u00bbdefault\u00bb custom_padding=\u00bb0px|||||\u00bb][et_pb_row _builder_version=\u00bb4.11.2&#8243; _module_preset=\u00bbdefault\u00bb][et_pb_column _builder_version=\u00bb4.11.2&#8243; _module_preset=\u00bbdefault\u00bb type=\u00bb4_4&#8243;][et_pb_text _builder_version=\u00bb4.11.2&#8243; _module_preset=\u00bbdefault\u00bb hover_enabled=\u00bb0&#8243; sticky_enabled=\u00bb0&#8243;]<strong>CONDICIONES GENERALES DE USO Y POL\u00cdTICA DE PROTECCI\u00d3N DE DATOS DE CAR\u00c1CTER PERSONAL<\/strong> <\/p>\n<p>Por favor, leer atentamente estas condiciones de uso antes de utilizar este sitio Web. La utilizaci\u00f3n de este sitio Web supone que el usuario reconoce impl\u00edcitamente que acepta las condiciones. Si no est\u00e1s de acuerdo con las mismas o tienes alguna duda te rogamos que no te registres ni utilices este sitio Web.<\/p>\n<p><strong>POL\u00cdTICA DE PROTECCI\u00d3N DE DATOS<\/strong><\/p>\n<p>La p\u00e1gina Web WWW.SARE.EUS tiene como prop\u00f3sito principal informar y facilitar informaci\u00f3n a los ciudadanos sobre los servicios de KONPONBIDEAREN ETA GIZA ESKUBIDEEN ALDEKO SARE HERRITARRA ELKARTEA \u2028KONPONBIDEAREN ETA GIZA ESKUBIDEEN ALDEKO SARE HERRITARRA ELKARTEA asume las obligaciones legales en materia de protecci\u00f3n de datos de car\u00e1cter personal, especialmente en lo referido a:\u2028a) La existencia de ficheros o tratamientos con datos de car\u00e1cter personal.\u2028b) La finalidad de la recogida de datos.\u2028c) Los destinatarios de la informaci\u00f3n.\u2028d) El car\u00e1cter facultativo u obligatorio de las preguntas que hagamos.\u2028e) Las consecuencias de la obtenci\u00f3n de los datos o de la negativa a suministrarlos.\u2028f) La posibilidad de ejercitar los derechos de acceso, rectificaci\u00f3n, cancelaci\u00f3n y oposici\u00f3n.\u2028g) La identidad y direcci\u00f3n del responsable del tratamiento o en su caso de su representante.\u2028\u2028Es deseo de KONPONBIDEAREN ETA GIZA ESKUBIDEEN ALDEKO SARE HERRITARRA ELKARTEA que el usuario cuente con la informaci\u00f3n adecuada para decidir de forma expresa, libre y voluntaria si desea facilitar sus datos en la forma que se requiere. En este sentido se informa al usuario que sus datos ser\u00e1n incorporados a alg\u00fan fichero automatizado, cuyo responsable es KONPONBIDEAREN ETA GIZA ESKUBIDEEN ALDEKO SARE HERRITARRA ELKARTEA Salvo que se se\u00f1ale lo contrario en cada caso, los datos que se recogen en los formularios son necesarios y obligatorios para poder acceder y prestar los servicios establecidos en la Web. El usuario debe rellenar los formularios con datos verdaderos, exactos y completos, respondiendo de los da\u00f1os y perjuicios que puedan ocasionar en caso de cumplimentaci\u00f3n defectuosa, con datos falsos, inexactos, incompletos o no actualizados. KONPONBIDEAREN ETA GIZA ESKUBIDEEN ALDEKO SARE HERRITARRA ELKARTEA tiene el compromiso de adoptar los niveles de seguridad de protecci\u00f3n de datos personales exigidos en la legislaci\u00f3n vigente, instalando al efecto las medidas t\u00e9cnicas y organizativas necesarias para evitar la p\u00e9rdida, mal uso, alteraci\u00f3n, acceso no autorizado y dem\u00e1s riesgos posibles. KONPONBIDEAREN ETA GIZA ESKUBIDEEN ALDEKO SARE HERRITARRA ELKARTEA obliga asimismo a cumplir con la obligaci\u00f3n de secreto respecto de los datos contenidos en los ficheros automatizados establecidos en la legislaci\u00f3n vigente.\u2028El usuario o persona que lo represente, podr\u00e1n ejercitar en cualquier momento el derecho de acceso, rectificaci\u00f3n, cancelaci\u00f3n, y, en su caso, oposici\u00f3n de acuerdo a lo establecido en la Ley Org\u00e1nica de Protecci\u00f3n de Datos y dem\u00e1s normativas aplicables al efecto, dirigiendo una comunicaci\u00f3n escrita al Responsable de Fichero indicando su nombre y DNI, a la direcci\u00f3n c\/Plaza Zaldiaran, n\u00ba 8 Bajo 01012 Vitoria-Gasteiz Nuestra preocupaci\u00f3n prioritaria es la seguridad del almacenamiento de los datos personalmente identificadores del usuario. Ponemos un gran cuidado al transmitir los datos desde el ordenador del usuario a nuestros servidores.\u2028S\u00f3lo los empleados que necesitan acceder a los datos de los usuarios para realizar su trabajo tienen acceso a los mismos. Cualquier empleado que viole nuestras pol\u00edticas de protecci\u00f3n de datos y\/o de seguridad estar\u00e1 sujeto a acciones disciplinarias.<\/p>\n<p><strong>ACEPTACI\u00d3N DE LAS PRESENTES CONDICIONES<\/strong><\/p>\n<p>Al utilizar este Web, asumimos que el usuario ha le\u00eddo este documento cuidadosamente y que ha entendido y seguido sus consejos. En caso de que el usuario no est\u00e9 de acuerdo con esta pol\u00edtica de protecci\u00f3n de datos o con los consejos que a trav\u00e9s de la misma se dan, por favor no utilice nuestra p\u00e1gina web. Nos reservamos el derecho a modificar la presente condici\u00f3n de uso cuando consideremos que es necesario. La continuidad por el usuario en el uso de \u00e9ste y de otros Web de, KONPONBIDEAREN ETA GIZA ESKUBIDEEN ALDEKO SARE HERRITARRA ELKARTEA despu\u00e9s de haber introducido dichos cambios, implicar\u00e1 la total aceptaci\u00f3n de los mismos.<\/p>\n<p>[\/et_pb_text][\/et_pb_column][\/et_pb_row][\/et_pb_section]<\/p>\n","protected":false},"excerpt":{"rendered":"<p>CONDICIONES GENERALES DE USO Y POL\u00cdTICA DE PROTECCI\u00d3N DE DATOS DE CAR\u00c1CTER PERSONAL Por favor, leer atentamente estas condiciones de uso antes de utilizar este sitio Web. La utilizaci\u00f3n de [&hellip;]<\/p>\n","protected":false},"author":1,"featured_media":0,"parent":0,"menu_order":0,"comment_status":"closed","ping_status":"closed","template":"","meta":{"_acf_changed":false,"_et_pb_use_builder":"on","_et_pb_old_content":"","_et_gb_content_width":"","footnotes":""},"class_list":["post-1464","page","type-page","status-publish","hentry"],"acf":[],"yoast_head":"<!-- This site is optimized with the Yoast SEO plugin v26.4 - https:\/\/yoast.com\/wordpress\/plugins\/seo\/ -->\n<title>Pol\u00edtica de privacidad - Sare Herritarra<\/title>\n<meta name=\"robots\" content=\"index, follow, max-snippet:-1, max-image-preview:large, max-video-preview:-1\" \/>\n<link rel=\"canonical\" href=\"https:\/\/sare.eus\/es\/politica-de-privacidad\/\" \/>\n<meta property=\"og:locale\" content=\"es_ES\" \/>\n<meta property=\"og:type\" content=\"article\" \/>\n<meta property=\"og:title\" content=\"Pol\u00edtica de privacidad - Sare Herritarra\" \/>\n<meta property=\"og:description\" content=\"CONDICIONES GENERALES DE USO Y POL\u00cdTICA DE PROTECCI\u00d3N DE DATOS DE CAR\u00c1CTER PERSONAL Por favor, leer atentamente estas condiciones de uso antes de utilizar este sitio Web. La utilizaci\u00f3n de [&hellip;]\" \/>\n<meta property=\"og:url\" content=\"https:\/\/sare.eus\/es\/politica-de-privacidad\/\" \/>\n<meta property=\"og:site_name\" content=\"Sare Herritarra\" \/>\n<meta property=\"article:modified_time\" content=\"2021-11-09T17:27:08+00:00\" \/>\n<meta property=\"og:image\" content=\"https:\/\/sare.eus\/wp-content\/uploads\/2021\/08\/cropped-sare.png\" \/>\n\t<meta property=\"og:image:width\" content=\"512\" \/>\n\t<meta property=\"og:image:height\" content=\"512\" \/>\n\t<meta property=\"og:image:type\" content=\"image\/png\" \/>\n<meta name=\"twitter:card\" content=\"summary_large_image\" \/>\n<meta name=\"twitter:label1\" content=\"Tiempo de lectura\" \/>\n\t<meta name=\"twitter:data1\" content=\"4 minutos\" \/>\n<script type=\"application\/ld+json\" class=\"yoast-schema-graph\">{\"@context\":\"https:\/\/schema.org\",\"@graph\":[{\"@type\":\"WebPage\",\"@id\":\"https:\/\/sare.eus\/es\/politica-de-privacidad\/\",\"url\":\"https:\/\/sare.eus\/es\/politica-de-privacidad\/\",\"name\":\"Pol\u00edtica de privacidad - Sare Herritarra\",\"isPartOf\":{\"@id\":\"https:\/\/sare.eus\/#website\"},\"datePublished\":\"2021-11-09T17:27:07+00:00\",\"dateModified\":\"2021-11-09T17:27:08+00:00\",\"breadcrumb\":{\"@id\":\"https:\/\/sare.eus\/es\/politica-de-privacidad\/#breadcrumb\"},\"inLanguage\":\"es\",\"potentialAction\":[{\"@type\":\"ReadAction\",\"target\":[\"https:\/\/sare.eus\/es\/politica-de-privacidad\/\"]}]},{\"@type\":\"BreadcrumbList\",\"@id\":\"https:\/\/sare.eus\/es\/politica-de-privacidad\/#breadcrumb\",\"itemListElement\":[{\"@type\":\"ListItem\",\"position\":1,\"name\":\"Home\",\"item\":\"https:\/\/sare.eus\/\"},{\"@type\":\"ListItem\",\"position\":2,\"name\":\"Pol\u00edtica de privacidad\"}]},{\"@type\":\"WebSite\",\"@id\":\"https:\/\/sare.eus\/#website\",\"url\":\"https:\/\/sare.eus\/\",\"name\":\"Sare Herritarra\",\"description\":\"KONPONBIDEAREN ETA GIZA ESKUBIDEEN ALDEKO SARE HERRITARRA\",\"publisher\":{\"@id\":\"https:\/\/sare.eus\/#organization\"},\"potentialAction\":[{\"@type\":\"SearchAction\",\"target\":{\"@type\":\"EntryPoint\",\"urlTemplate\":\"https:\/\/sare.eus\/?s={search_term_string}\"},\"query-input\":{\"@type\":\"PropertyValueSpecification\",\"valueRequired\":true,\"valueName\":\"search_term_string\"}}],\"inLanguage\":\"es\"},{\"@type\":\"Organization\",\"@id\":\"https:\/\/sare.eus\/#organization\",\"name\":\"Sare Herritarra\",\"url\":\"https:\/\/sare.eus\/\",\"logo\":{\"@type\":\"ImageObject\",\"inLanguage\":\"es\",\"@id\":\"https:\/\/sare.eus\/#\/schema\/logo\/image\/\",\"url\":\"https:\/\/sare.eus\/wp-content\/uploads\/2021\/08\/sare.png\",\"contentUrl\":\"https:\/\/sare.eus\/wp-content\/uploads\/2021\/08\/sare.png\",\"width\":120,\"height\":142,\"caption\":\"Sare Herritarra\"},\"image\":{\"@id\":\"https:\/\/sare.eus\/#\/schema\/logo\/image\/\"}}]}<\/script>\n<!-- \/ Yoast SEO plugin. -->","yoast_head_json":{"title":"Pol\u00edtica de privacidad - Sare Herritarra","robots":{"index":"index","follow":"follow","max-snippet":"max-snippet:-1","max-image-preview":"max-image-preview:large","max-video-preview":"max-video-preview:-1"},"canonical":"https:\/\/sare.eus\/es\/politica-de-privacidad\/","og_locale":"es_ES","og_type":"article","og_title":"Pol\u00edtica de privacidad - Sare Herritarra","og_description":"CONDICIONES GENERALES DE USO Y POL\u00cdTICA DE PROTECCI\u00d3N DE DATOS DE CAR\u00c1CTER PERSONAL Por favor, leer atentamente estas condiciones de uso antes de utilizar este sitio Web. La utilizaci\u00f3n de [&hellip;]","og_url":"https:\/\/sare.eus\/es\/politica-de-privacidad\/","og_site_name":"Sare Herritarra","article_modified_time":"2021-11-09T17:27:08+00:00","og_image":[{"width":512,"height":512,"url":"https:\/\/sare.eus\/wp-content\/uploads\/2021\/08\/cropped-sare.png","type":"image\/png"}],"twitter_card":"summary_large_image","twitter_misc":{"Tiempo de lectura":"4 minutos"},"schema":{"@context":"https:\/\/schema.org","@graph":[{"@type":"WebPage","@id":"https:\/\/sare.eus\/es\/politica-de-privacidad\/","url":"https:\/\/sare.eus\/es\/politica-de-privacidad\/","name":"Pol\u00edtica de privacidad - Sare Herritarra","isPartOf":{"@id":"https:\/\/sare.eus\/#website"},"datePublished":"2021-11-09T17:27:07+00:00","dateModified":"2021-11-09T17:27:08+00:00","breadcrumb":{"@id":"https:\/\/sare.eus\/es\/politica-de-privacidad\/#breadcrumb"},"inLanguage":"es","potentialAction":[{"@type":"ReadAction","target":["https:\/\/sare.eus\/es\/politica-de-privacidad\/"]}]},{"@type":"BreadcrumbList","@id":"https:\/\/sare.eus\/es\/politica-de-privacidad\/#breadcrumb","itemListElement":[{"@type":"ListItem","position":1,"name":"Home","item":"https:\/\/sare.eus\/"},{"@type":"ListItem","position":2,"name":"Pol\u00edtica de privacidad"}]},{"@type":"WebSite","@id":"https:\/\/sare.eus\/#website","url":"https:\/\/sare.eus\/","name":"Sare Herritarra","description":"KONPONBIDEAREN ETA GIZA ESKUBIDEEN ALDEKO SARE HERRITARRA","publisher":{"@id":"https:\/\/sare.eus\/#organization"},"potentialAction":[{"@type":"SearchAction","target":{"@type":"EntryPoint","urlTemplate":"https:\/\/sare.eus\/?s={search_term_string}"},"query-input":{"@type":"PropertyValueSpecification","valueRequired":true,"valueName":"search_term_string"}}],"inLanguage":"es"},{"@type":"Organization","@id":"https:\/\/sare.eus\/#organization","name":"Sare Herritarra","url":"https:\/\/sare.eus\/","logo":{"@type":"ImageObject","inLanguage":"es","@id":"https:\/\/sare.eus\/#\/schema\/logo\/image\/","url":"https:\/\/sare.eus\/wp-content\/uploads\/2021\/08\/sare.png","contentUrl":"https:\/\/sare.eus\/wp-content\/uploads\/2021\/08\/sare.png","width":120,"height":142,"caption":"Sare Herritarra"},"image":{"@id":"https:\/\/sare.eus\/#\/schema\/logo\/image\/"}}]}},"_links":{"self":[{"href":"https:\/\/sare.eus\/es\/wp-json\/wp\/v2\/pages\/1464","targetHints":{"allow":["GET"]}}],"collection":[{"href":"https:\/\/sare.eus\/es\/wp-json\/wp\/v2\/pages"}],"about":[{"href":"https:\/\/sare.eus\/es\/wp-json\/wp\/v2\/types\/page"}],"author":[{"embeddable":true,"href":"https:\/\/sare.eus\/es\/wp-json\/wp\/v2\/users\/1"}],"replies":[{"embeddable":true,"href":"https:\/\/sare.eus\/es\/wp-json\/wp\/v2\/comments?post=1464"}],"version-history":[{"count":2,"href":"https:\/\/sare.eus\/es\/wp-json\/wp\/v2\/pages\/1464\/revisions"}],"predecessor-version":[{"id":1466,"href":"https:\/\/sare.eus\/es\/wp-json\/wp\/v2\/pages\/1464\/revisions\/1466"}],"wp:attachment":[{"href":"https:\/\/sare.eus\/es\/wp-json\/wp\/v2\/media?parent=1464"}],"curies":[{"name":"wp","href":"https:\/\/api.w.org\/{rel}","templated":true}]}}

Política de privacidad

<p>[et_pb_section fb_built=»1&#8243; _builder_version=»4.11.2&#8243; _module_preset=»default» custom_padding=»0px|||||»][et_pb_row _builder_version=»4.11.2&#8243; _module_preset=»default»][et_pb_column _builder_version=»4.11.2&#8243; _module_preset=»default» type=»4_4&#8243;][et_pb_text _builder_version=»4.11.2&#8243; _module_preset=»default» hover_enabled=»0&#8243; sticky_enabled=»0&#8243;]<strong>CONDICIONES GENERALES DE USO Y POLÍTICA DE PROTECCIÓN DE DATOS DE CARÁCTER PERSONAL</strong> </p>
<p>Por favor, leer atentamente estas condiciones de uso antes de utilizar este sitio Web. La utilización de este sitio Web supone que el usuario reconoce implícitamente que acepta las condiciones. Si no estás de acuerdo con las mismas o tienes alguna duda te rogamos que no te registres ni utilices este sitio Web.</p>
<p><strong>POLÍTICA DE PROTECCIÓN DE DATOS</strong></p>
<p>La página Web WWW.SARE.EUS tiene como propósito principal informar y facilitar información a los ciudadanos sobre los servicios de KONPONBIDEAREN ETA GIZA ESKUBIDEEN ALDEKO SARE HERRITARRA ELKARTEA  KONPONBIDEAREN ETA GIZA ESKUBIDEEN ALDEKO SARE HERRITARRA ELKARTEA asume las obligaciones legales en materia de protección de datos de carácter personal, especialmente en lo referido a: a) La existencia de ficheros o tratamientos con datos de carácter personal. b) La finalidad de la recogida de datos. c) Los destinatarios de la información. d) El carácter facultativo u obligatorio de las preguntas que hagamos. e) Las consecuencias de la obtención de los datos o de la negativa a suministrarlos. f) La posibilidad de ejercitar los derechos de acceso, rectificación, cancelación y oposición. g) La identidad y dirección del responsable del tratamiento o en su caso de su representante.  Es deseo de KONPONBIDEAREN ETA GIZA ESKUBIDEEN ALDEKO SARE HERRITARRA ELKARTEA que el usuario cuente con la información adecuada para decidir de forma expresa, libre y voluntaria si desea facilitar sus datos en la forma que se requiere. En este sentido se informa al usuario que sus datos serán incorporados a algún fichero automatizado, cuyo responsable es KONPONBIDEAREN ETA GIZA ESKUBIDEEN ALDEKO SARE HERRITARRA ELKARTEA Salvo que se señale lo contrario en cada caso, los datos que se recogen en los formularios son necesarios y obligatorios para poder acceder y prestar los servicios establecidos en la Web. El usuario debe rellenar los formularios con datos verdaderos, exactos y completos, respondiendo de los daños y perjuicios que puedan ocasionar en caso de cumplimentación defectuosa, con datos falsos, inexactos, incompletos o no actualizados. KONPONBIDEAREN ETA GIZA ESKUBIDEEN ALDEKO SARE HERRITARRA ELKARTEA tiene el compromiso de adoptar los niveles de seguridad de protección de datos personales exigidos en la legislación vigente, instalando al efecto las medidas técnicas y organizativas necesarias para evitar la pérdida, mal uso, alteración, acceso no autorizado y demás riesgos posibles. KONPONBIDEAREN ETA GIZA ESKUBIDEEN ALDEKO SARE HERRITARRA ELKARTEA obliga asimismo a cumplir con la obligación de secreto respecto de los datos contenidos en los ficheros automatizados establecidos en la legislación vigente. El usuario o persona que lo represente, podrán ejercitar en cualquier momento el derecho de acceso, rectificación, cancelación, y, en su caso, oposición de acuerdo a lo establecido en la Ley Orgánica de Protección de Datos y demás normativas aplicables al efecto, dirigiendo una comunicación escrita al Responsable de Fichero indicando su nombre y DNI, a la dirección c/Plaza Zaldiaran, nº 8 Bajo 01012 Vitoria-Gasteiz Nuestra preocupación prioritaria es la seguridad del almacenamiento de los datos personalmente identificadores del usuario. Ponemos un gran cuidado al transmitir los datos desde el ordenador del usuario a nuestros servidores. Sólo los empleados que necesitan acceder a los datos de los usuarios para realizar su trabajo tienen acceso a los mismos. Cualquier empleado que viole nuestras políticas de protección de datos y/o de seguridad estará sujeto a acciones disciplinarias.</p>
<p><strong>ACEPTACIÓN DE LAS PRESENTES CONDICIONES</strong></p>
<p>Al utilizar este Web, asumimos que el usuario ha leído este documento cuidadosamente y que ha entendido y seguido sus consejos. En caso de que el usuario no esté de acuerdo con esta política de protección de datos o con los consejos que a través de la misma se dan, por favor no utilice nuestra página web. Nos reservamos el derecho a modificar la presente condición de uso cuando consideremos que es necesario. La continuidad por el usuario en el uso de éste y de otros Web de, KONPONBIDEAREN ETA GIZA ESKUBIDEEN ALDEKO SARE HERRITARRA ELKARTEA después de haber introducido dichos cambios, implicará la total aceptación de los mismos.</p>
<p>[/et_pb_text][/et_pb_column][/et_pb_row][/et_pb_section]</p>

<p>CONDICIONES GENERALES DE USO Y POLÍTICA DE PROTECCIÓN DE DATOS DE CARÁCTER PERSONAL Por favor, leer atentamente estas condiciones de uso antes de utilizar este sitio Web. La utilización de [&hellip;]</p>

<!-- This site is optimized with the Yoast SEO plugin v26.4 - https://yoast.com/wordpress/plugins/seo/ -->
<title>Política de privacidad - Sare Herritarra</title>
<meta name="robots" content="index, follow, max-snippet:-1, max-image-preview:large, max-video-preview:-1" />
<link rel="canonical" href="https://sare.eus/es/politica-de-privacidad/" />
<meta property="og:locale" content="es_ES" />
<meta property="og:type" content="article" />
<meta property="og:title" content="Política de privacidad - Sare Herritarra" />
<meta property="og:description" content="CONDICIONES GENERALES DE USO Y POLÍTICA DE PROTECCIÓN DE DATOS DE CARÁCTER PERSONAL Por favor, leer atentamente estas condiciones de uso antes de utilizar este sitio Web. La utilización de [&hellip;]" />
<meta property="og:url" content="https://sare.eus/es/politica-de-privacidad/" />
<meta property="og:site_name" content="Sare Herritarra" />
<meta property="article:modified_time" content="2021-11-09T17:27:08+00:00" />
<meta property="og:image" content="https://sare.eus/wp-content/uploads/2021/08/cropped-sare.png" />
	<meta property="og:image:width" content="512" />
	<meta property="og:image:height" content="512" />
	<meta property="og:image:type" content="image/png" />
<meta name="twitter:card" content="summary_large_image" />
<meta name="twitter:label1" content="Tiempo de lectura" />
	<meta name="twitter:data1" content="4 minutos" />
<script type="application/ld+json" class="yoast-schema-graph">{"@context":"https://schema.org","@graph":[{"@type":"WebPage","@id":"https://sare.eus/es/politica-de-privacidad/","url":"https://sare.eus/es/politica-de-privacidad/","name":"Política de privacidad - Sare Herritarra","isPartOf":{"@id":"https://sare.eus/#website"},"datePublished":"2021-11-09T17:27:07+00:00","dateModified":"2021-11-09T17:27:08+00:00","breadcrumb":{"@id":"https://sare.eus/es/politica-de-privacidad/#breadcrumb"},"inLanguage":"es","potentialAction":[{"@type":"ReadAction","target":["https://sare.eus/es/politica-de-privacidad/"]}]},{"@type":"BreadcrumbList","@id":"https://sare.eus/es/politica-de-privacidad/#breadcrumb","itemListElement":[{"@type":"ListItem","position":1,"name":"Home","item":"https://sare.eus/"},{"@type":"ListItem","position":2,"name":"Política de privacidad"}]},{"@type":"WebSite","@id":"https://sare.eus/#website","url":"https://sare.eus/","name":"Sare Herritarra","description":"KONPONBIDEAREN ETA GIZA ESKUBIDEEN ALDEKO SARE HERRITARRA","publisher":{"@id":"https://sare.eus/#organization"},"potentialAction":[{"@type":"SearchAction","target":{"@type":"EntryPoint","urlTemplate":"https://sare.eus/?s={search_term_string}"},"query-input":{"@type":"PropertyValueSpecification","valueRequired":true,"valueName":"search_term_string"}}],"inLanguage":"es"},{"@type":"Organization","@id":"https://sare.eus/#organization","name":"Sare Herritarra","url":"https://sare.eus/","logo":{"@type":"ImageObject","inLanguage":"es","@id":"https://sare.eus/#/schema/logo/image/","url":"https://sare.eus/wp-content/uploads/2021/08/sare.png","contentUrl":"https://sare.eus/wp-content/uploads/2021/08/sare.png","width":120,"height":142,"caption":"Sare Herritarra"},"image":{"@id":"https://sare.eus/#/schema/logo/image/"}}]}</script>
<!-- / Yoast SEO plugin. -->

Política de privacidad - Sare Herritarra

CONDICIONES GENERALES DE USO Y POLÍTICA DE PROTECCIÓN DE DATOS DE CARÁCTER PERSONAL Por favor, leer atentamente estas condiciones de uso antes de utilizar este sitio Web. La utilización de [&hellip;]
